2 + 4173*q - 10994. What is s(461)?
70
Let y(h) = -291*h + 2590. What is y(6)?
844
Let c(a) = -779*a - 244600. Give c(-314).
6
Let i(p) = -676*p + 16547. What is i(25)?
-353
Let s(v) = 3*v**2 + 1876*v + 25791. What is s(-14)?
115
Let l(b) = 1878*b + 155914. Determine l(-83).
40
Let m(c) = -45*c - 701. Calculate m(-22).
289
Let m(f) = -2*f**3 - 4*f**2 + 51*f - 494. Calculate m(9).
-1817
Let n(z) = 182097*z - 728396. Give n(4).
-8
Let c(z) = -4*z**2 - 183*z + 401. Calculate c(-51).
-670
Let x(a) = 454*a - 3235. Give x(9).
851
Let s(t) = t**3 + 91*t**2 + 610*t + 15479. Give s(-86).
-1
Let a(d) = -d**3 + 123*d**2 - 526*d - 716. Determine a(118).
6836
Let d(z) = -1525*z + 296016. Calculate d(194).
166
Let k(o) = 3*o**2 + 91*o + 27. Give k(0).
27
Let y(f) = f**2 - 32*f - 1834. Determine y(-27).
-241
Let x(z) = 6720*z - 5134098. Calculate x(764).
-18
Let a(q) = -q**3 + 140*q**2 + 9510*q + 485. Calculate a(-50).
-15
Let r(v) = v**2 - 726*v - 74893. Determine r(-91).
-546
Let y(a) = 31*a**2 - 8891*a - 37850. Give y(291).
-20
Let a(f) = -421*f**2 + 2826*f + 8666. Calculate a(9).
-1
Let i(t) = 203*t + 37248. Determine i(-184).
-104
Let s(g) = g**3 - 116*g**2 - 598*g - 299. Give s(121).
548
Let p(k) = -399*k - 3780. Give p(-9).
-189
Let t(a) = 358005*a + 2148012. Calculate t(-6).
-18
Let o(a) = -a**2 + 13898*a + 83440. Give o(-6).
16
Let k(h) = -27827*h - 167040. Give k(-6).
-78
Let b(g) = 2*g**3 - 55*g**2 + 71*g - 1262. What is b(27)?
-74
Let x(d) = -2193*d + 16858. Calculate x(7).
1507
Let z(n) = -5124*n**2 - 51247*n - 12. Determine z(-10).
58
Let s(m) = -m**3 - 130*m**2 - 745*m - 92. Determine s(-124).
32
Let p(r) = -2*r**3 - 13*r**2 + 47*r + 384. Determine p(-5).
74
Let n(g) = -7*g**3 - 423*g**2 - 131*g + 2969. Calculate n(-60).
29
Let b(q) = 3*q**3 - 10*q**2 - 233*q + 1213. Give b(5).
173
Let i(h) = 3*h**2 - 1919*h + 270242. Determine i(430).
-228
Let w(i) = 171411*i - 171400. Give w(1).
11
Let f(m) = m**3 - 710*m + 2136. Determine f(3).
33
Let u(y) = 342*y - 275649. What is u(806)?
3
Let h(l) = -4*l**2 - 49*l - 1. Determine h(-13).
-40
Let n(d) = -34*d**2 - 183*d + 3. What is n(-6)?
-123
Let z(s) = 1230*s - 16051. Determine z(13).
-61
Let o(h) = 395*h**3 + 11*h**2 + 10*h - 21. Calculate o(1).
395
Let z(i) = 2*i**3 - i**2 - 20*i + 45. Determine z(0).
45
Let w(r) = -r**2 + 8626*r - 86153. What is w(10)?
7
Let j(b) = -b**3 - 155*b**2 - 4672*b + 475. What is j(-114)?
247
Let d(w) = w**2 + 195*w + 8620. Calculate d(-127).
-16
Let k(b) = 3307*b + 350549. What is k(-106)?
7
Let q(d) = -5230*d + 109798. Calculate q(21).
-32
Let v(l) = 31*l**2 - 2921*l + 65165. Give v(58).
31
Let k(t) = -9*t**2 - 569*t - 110. Give k(-63).
16
Let i(d) = -d**2 + 99*d - 1605. Determine i(109).
-2695
Let m(i) = 10*i**3 + 292*i**2 - 90*i - 3874. What is m(-29)?
418
Let w(b) = -b**3 - 204*b**2 - 36*b - 7516. Determine w(-204).
-172
Let q(v) = 6*v**2 - 7*v - 266. What is q(8)?
62
Let b(i) = i**3 + 838*i**2 + 43794*i + 79. Calculate b(-56).
-33
Let k(n) = -2650*n - 781750. Give k(-295).
0
Let n(d) = d**3 - 313*d**2 + 4522*d - 782. Determine n(15).
-2
Let t(x) = x**3 + 29*x**2 + 238*x + 395. Calculate t(-12).
-13
Let v(y) = 771*y + 122742. Determine v(-159).
153
Let a(q) = 225*q + 2477. Calculate a(-10).
227
Let h(a) = 3455*a + 34597. What is h(-10)?
47
Let l(y) = 425*y - 95226. Give l(224).
-26
Let d(r) = 339*r**2 - 27557*r + 7925. Calculate d(81).
-13
Let k(i) = 1971*i + 188981. Give k(-96).
-235
Let f(y) = 6*y**2 + 221*y - 3087. Calculate f(-29).
-4450
Let d(c) = 1012*c**2 + 91080*c - 26. What is d(-90)?
-26
Let w(h) = 9*h**2 - 444*h - 5303. What is w(60)?
457
Let w(q) = -199074*q - 1393622. Give w(-7).
-104
Let v(g) = 8227*g + 72328. Determine v(-9).
-1715
Let a(z) = -478000*z + 22466001. Determine a(47).
1
Let z(m) = 2*m**3 - 112*m**2 - 3047*m + 529. What is z(76)?
-3
Let k(j) = -154*j**2 - 430*j + 1428. Determine k(4).
-2756
Let k(p) = 510*p + 5098. Give k(-10).
-2
Let w(x) = -x**2 + 2934*x - 87270. Calculate w(30).
-150
Let x(u) = u**3 + 31*u**2 - 526*u - 369. Determine x(-43).
61
Let h(b) = 3*b**3 - 51*b**2 + 75*b - 55. Give h(15).
-280
Let i(o) = -26080*o + 235033. What is i(9)?
313
Let f(d) = -422*d**2 + 4232*d - 111. Give f(10).
9
Let i(n) = 327*n - 10643. Give i(33).
148
Let w(v) = 8*v**2 + 32310*v + 225787. Calculate w(-7).
9
Let n(p) = p**3 + 42*p**2 - 246*p + 10. Calculate n(5).
-45
Let f(s) = 1034*s - 34632. Determine f(32).
-1544
Let o(u) = -7877*u + 126014. Calculate o(16).
-18
Let x(o) = o**3 + 553*o**2 - 13243*o - 104. Calculate x(23).
11
Let l(x) = -68026*x + 7482887. What is l(110)?
27
Let y(h) = 64*h**3 + 32*h**2 - 30*h - 171. Give y(3).
1755
Let q(b) = 2240*b - 1503045. What is q(671)?
-5
Let v(s) = 53*s**2 - 57*s - 63. What is v(4)?
557
Let x(i) = -489452*i + 23004247. Give x(47).
3
Let k(w) = 360*w - 36868. Determine k(102).
-148
Let g(j) = -11*j**2 + 504*j - 9047. Calculate g(18).
-3539
Let v(d) = -22661*d + 135761. Calculate v(6).
-205
Let d(t) = -6*t**2 - 1373*t + 3075. Determine d(-231).
72
Let w(k) = -5*k**3 + 650*k**2 + 11141*k - 38564. Determine w(145).
6
Let k(v) = 407*v**2 - 4055*v - 22. What is k(10)?
128
Let n(o) = -34*o**2 + 1500*o + 107. Give n(44).
283
Let c(f) = 7*f**2 - 29*f - 20. Determine c(11).
508
Let g(w) = 83*w - 9132. Give g(114).
330
Let n(j) = 3*j**3 + 91*j**2 + 571*j + 16185. Calculate n(-30).
-45
Let n(m) = 2*m**2 - 34104*m + 3255553. Determine n(96).
1
Let n(p) = 10*p**2 + 376*p - 13. Determine n(-45).
3317
Let u(q) = -2*q**3 - 504*q**2 - 1979*q + 582. Determine u(-248).
-658
Let q(y) = 3*y**3 + 56*y**2 - 153*y - 12. What is q(-21)?
114
Let m(q) = -3225*q + 26985. What is m(8)?
1185
Let i(o) = -66*o**2 + 27325*o - 412. Determine i(414).
2
Let n(o) = 2*o**3 + 241*o**2 + 55*o + 21073. Determine n(-121).
-223
Let l(o) = -3790*o + 204830. Give l(54).
170
Let c(g) = -7963*g + 8057. Give c(1).
94
Let b(g) = -5*g**2 + 913*g - 7731. Calculate b(9).
81
Let q(g) = 2*g**3 + 58*g**2 + 6*g + 398. Calculate q(-29).
224
Let r(b) = -4590*b + 6096. Give r(1).
1506
Let n(t) = 4*t**3 - 8*t**2 - 52*t + 69. What is n(4)?
-11
Let q(o) = 15347*o + 12996. Calculate q(-1).
-2351
Let i(v) = 3115*v - 520167. Calculate i(167).
38
Let q(v) = 158*v**2 - 10956*v + 54020. Give q(64).
4
Let v(q) = -707*q**3 + 12017*q**2 + 37*q - 56. Determine v(17).
-5
Let l(h) = h**3 - 190*h**2 + 8092*h + 4122. What is l(125)?
-3
Let i(d) = -152*d - 9876. What is i(-65)?
4
Let r(v) = v**3 + 184*v**2 - 3199*v + 162. What is r(-200)?
-38
Let r(v) = -v**3 - 103*v**2 - 1698*v + 1804. Determine r(-22).
-44
Let l(v) = 5871*v + 2501011. Calculate l(-426).
-35
Let p(s) = 27*s**3 - 619*s**2 - 91*s + 1019. Determine p(23).
-16
Let k(w) = w**2 + 9897*w - 19799. What is k(2)?
-1
Let i(w) = -2031*w - 26408. Calculate i(-13).
-5
Let t(o) = 29993*o + 389869. Calculate t(-13).
-40
Let i(l) = -31444*l - 1131992. Determine i(-36).
-8
Let o(w) = 12835*w + 9164180. What is o(-714)?
-10
Let a(m) = 5*m**2 - 307*m + 4128. What is a(20)?
-12
Let q(n) = -61188*n + 673079. Determine q(11).
11
Let d(t) = 47360*t + 1894391. What is d(-40)?
-9
Let b(o) = 34*o - 2112. Determine b(65).
98
Let v(a) = a**3 + 146*a**2 + 1065*a + 12797. Determine v(-139).
9
Let g(s) = s**2 + 8295*s - 157963. Calculate g(19).
3
Let k(m) = m**3 + 54*m**2 + 213*m + 454. Calculate k(-50).
-196
Let k(w) = -169*w + 20735. Determine k(123).
-52
Let c(a) = -5707*a - 142668. Calculate c(-25).
7
Let s(m) = -229515*m - 19508775. Calculate s(-85).
0
Let h(z) = -2*z**2 + 118*z + 208919. Calculate h(-295).
59
Let c(a) = -a**2 + 5441*a - 32557. Give c(6).
53
Let j(x) = -x**3 - 21*x**2 + 221*x - 2820. Calculate j(-31).
-61
Let j(v) = -v**2 - 393*v + 25100. Determine j(56).
-44
Let m(l) = l**3 + 1550*l**2 - 18747*l + 33. Give m(12).
-3
Let f(w) = -12297*w - 1758460. Determine f(-143).
11
Let t(x) = -1878*x + 15127. Give t(8).
103
Let x(o) = -o**2 + 822*o - 165560. What is x(353)?
-3
Let i(m) = 45*m**2 + 13*m + 12. What is i(-5)?
1072
Let l(f) = -2*f**3 + 200*f**2 + 1051*f - 483. Calculate l(105).
-378
Let q(n) = -6956*n - 410583. Give q(-59).
-179
Let g(y) = 33*y**2 + 5990*y + 2983. Give g(-181).
-94
Let i(l) = -28*l**3 + 4*l**2 + 84*l + 82. Determine i(-1).
30
Let h(p) = -2*p**3 + 11*p**2 - 41*p + 1781. Calculate h(11).
-1
Let z(t) = t**2 -